- 26214. Give c(-2).
-86
Let c(p) = -17591*p + 35124. Give c(2).
-58
Let q(p) = -21*p**3 - 399*p**2 - 951*p - 18090. Give q(-19).
-21
Let p(m) = m**3 - 806*m**2 + 1566*m + 95. What is p(2)?
11
Let o(x) = -6754*x - 67387. What is o(-10)?
153
Let s(p) = 2*p**2 + 315*p + 1211. Give s(0).
1211
Let a(d) = 452*d + 6115. What is a(-13)?
239
Let m(f) = -168*f**2 - 1499*f + 210. Calculate m(-9).
93
Let l(c) = 13*c**2 + 148*c - 310. Give l(-12).
-214
Let p(d) = d**3 - 988*d**2 - 4116*d + 1132706. Calculate p(991).
-7
Let d(b) = -78762*b + 57968842. Calculate d(736).
10
Let p(k) = -169692*k - 29865795. Calculate p(-176).
-3
Let m(o) = -13*o**2 + 2534*o - 21757. Give m(9).
-4
Let h(t) = -17*t**2 - 955*t + 962. Calculate h(1).
-10
Let m(v) = 356974*v + 1427893. Determine m(-4).
-3
Let q(s) = -2*s**3 + 2*s**2 + 5942*s - 7. Determine q(0).
-7
Let s(k) = 1201*k - 91750. Determine s(76).
-474
Let i(j) = -5211*j - 78197. Determine i(-15).
-32
Let t(d) = 15763*d + 756624. Calculate t(-48).
0
Let z(c) = -c**2 + 70*c - 612. Determine z(61).
-63
Let d(o) = 3*o**2 - 113*o - 4483. Determine d(-24).
-43
Let n(i) = -i**3 + 151*i**2 + 6478*i - 1123. Give n(-35).
-3
Let k(y) = y**3 - 1256*y**2 - 2399*y - 147170. What is k(1258)?
16
Let m(d) = 303*d + 2504. Calculate m(-9).
-223
Let n(f) = -f**3 - 155*f**2 - 1999*f - 3534. What is n(-141)?
-9
Let t(f) = -1171*f - 68874. Give t(-59).
215
Let z(t) = 664*t - 766321. Calculate z(1154).
-65
Let m(y) = -565*y**2 + 35024*y + 124. Determine m(62).
-248
Let p(w) = -w**3 + 41*w**2 - 155*w - 1717. Calculate p(35).
208
Let q(a) = -a**3 - 96*a**2 - 2260*a - 388. What is q(-55)?
-113
Let i(w) = -w**3 - 35*w**2 - 194*w. Determine i(-28).
-56
Let c(i) = -5984*i - 28999. Determine c(-5).
921
Let t(z) = -235*z + 11368. Determine t(50).
-382
Let f(z) = 2*z**3 + 43*z**2 - 198*z - 172. What is f(-25)?
403
Let h(q) = 4744*q + 621457. Give h(-131).
-7
Let h(n) = -n**3 + 10*n**2 + 91*n + 46. Determine h(15).
286
Let q(z) = -113*z + 19552. What is q(170)?
342
Let d(g) = 99*g**2 + 368*g - 1812. Determine d(5).
2503
Let u(h) = 6648*h - 777682. Give u(117).
134
Let h(b) = -12*b**2 + 286*b + 2221. Determine h(30).
1
Let k(q) = 3*q**3 - 65*q**2 - 16*q - 446. Determine k(24).
3202
Let r(a) = 2*a**3 - 358*a**2 - 34*a + 5849. Calculate r(179).
-237
Let n(f) = 2*f**3 - 731*f**2 - 285*f - 29685. What is n(366)?
-39
Let h(u) = -3*u**3 - 6*u**2 - 46*u + 204. Give h(4).
-268
Let g(q) = -q**3 + 11*q**2 - 140*q + 743. Calculate g(6).
83
Let x(b) = -255*b**2 + 4352*b + 155. Give x(17).
444
Let k(g) = 25*g**2 - 1087*g - 4274. Calculate k(47).
-138
Let t(z) = -6146*z**2 - 36848*z + 75. Calculate t(-6).
-93
Let x(v) = 11*v**3 - 55*v**2 + 2882*v - 14441. Calculate x(5).
-31
Let r(x) = x**2 + 23523*x + 141132. What is r(-6)?
30
Let w(s) = 710529*s + 12078987. Calculate w(-17).
-6
Let r(p) = -1098*p - 95920. Calculate r(-90).
2900
Let h(b) = -2373*b - 1404810. Give h(-592).
6
Let y(v) = 244*v + 22601. Determine y(-92).
153
Let m(f) = -4*f**2 + 410692*f - 821382. What is m(2)?
-14
Let l(u) = 59*u**2 + 313*u - 97. Determine l(-6).
149
Let z(k) = -k**2 - 474*k - 21465. Calculate z(-54).
1215
Let z(n) = n**2 - 520*n + 58755. Determine z(354).
-9
Let b(t) = 3*t**3 - 125*t**2 + 85*t - 64. Give b(41).
59
Let n(c) = -2940*c + 61749. What is n(21)?
9
Let m(b) = -182*b + 2099. Determine m(14).
-449
Let n(p) = -2790*p - 457564. Give n(-164).
-4
Let g(y) = -y**3 + 38*y**2 + 1092*y - 41469. Calculate g(38).
27
Let k(y) = 505*y**2 + 33*y - 69. Give k(2).
2017
Let z(q) = -12740*q + 2560734. What is z(201)?
-6
Let d(q) = -q**3 - 111*q**2 + 108*q - 457. What is d(-112)?
-9
Let l(p) = 19708*p - 3981030. Determine l(202).
-14
Let o(f) = f**3 - 7*f**2 - 7032*f + 35206. Give o(5).
-4
Let j(m) = -31107*m - 31080. Calculate j(-1).
27
Let p(o) = -o**3 + 9*o**2 + 39*o - 119. What is p(13)?
-288
Let c(y) = -206*y - 801. What is c(-6)?
435
Let c(r) = -118*r**2 + 98194*r - 14976. What is c(832)?
0
Let p(u) = -19*u**2 + 1184*u - 330. What is p(62)?
42
Let s(y) = -3013*y + 26898. Determine s(9).
-219
Let h(c) = -107*c + 10063. Calculate h(93).
112
Let k(j) = -4043*j - 230472. Calculate k(-57).
-21
Let i(h) = 73*h - 359. Calculate i(-8).
-943
Let g(f) = 424*f - 59337. Determine g(140).
23
Let d(g) = -g**2 + 12871*g - 231363. Determine d(18).
-9
Let u(j) = j**3 + 215*j**2 - 663*j - 1898. Calculate u(-218).
64
Let k(i) = -89*i - 2767. Calculate k(-32).
81
Let o(t) = 7*t**2 - 12223*t - 732484. What is o(-58)?
-2
Let r(c) = 8*c**2 - 4011*c - 26880. Calculate r(508).
44
Let o(g) = 3*g**2 - 162*g - 3399. What is o(65)?
-1254
Let y(l) = 67*l**2 + 216*l - 179. Give y(1).
104
Let b(o) = 2*o**2 - 26915*o - 134603. What is b(-5)?
22
Let y(z) = 2*z**3 + 14*z**2 - 394*z - 3020. Calculate y(-8).
4
Let g(d) = d**2 - 104*d + 1091. What is g(95)?
236
Let o(c) = 24*c**3 + 4*c**2 - 33*c - 109. What is o(-3)?
-622
Let h(k) = -k**3 + 621*k**2 + 546*k + 47277. Calculate h(622).
5
Let k(q) = 123*q - 2286. Calculate k(13).
-687
Let c(q) = -696*q**2 - 240817*q - 347. Calculate c(-346).
-1
Let h(u) = 69*u**2 + 1968*u + 10868. Give h(-21).
-31
Let u(v) = v**3 + 48*v**2 + 155*v + 4765. What is u(-45)?
3865
Let t(a) = -a**3 + 464*a**2 - 41734*a + 3445. Calculate t(342).
25
Let z(y) = -y**3 + 29*y**2 + 38*y - 652. Calculate z(-5).
8
Let r(t) = -2*t**3 + 49*t**2 - 954*t + 4455. Give r(6).
63
Let z(s) = s**3 + 15*s**2 - 2741*s - 30424. Determine z(-11).
211
Let p(a) = 10*a**2 - 2983*a - 42741. Give p(312).
3
Let c(o) = -870*o - 61171. Calculate c(-70).
-271
Let g(s) = -3*s**2 - 750*s + 50333. Give g(55).
8
Let h(o) = o**3 - 8*o**2 - 14*o + 38. Calculate h(9).
-7
Let i(k) = 135816*k + 3123763. What is i(-23)?
-5
Let d(q) = 1798*q + 99135. Give d(-55).
245
Let z(i) = -6*i**2 - 528*i + 5212. Determine z(10).
-668
Let g(s) = -31*s**3 - 187*s**2 - 552*s - 3281. Calculate g(-6).
-5
Let z(m) = -1604*m + 40576. What is z(26)?
-1128
Let q(b) = -47*b**3 + 5641*b**2 - 71*b - 5883. Give q(120).
-3
Let v(f) = f**2 + 2586*f - 218168. Give v(82).
608
Let o(c) = 5*c**2 - 52*c - 137. Calculate o(13).
32
Let z(v) = 211*v + 6638. Calculate z(-30).
308
Let c(i) = 70*i**2 + 25*i - 32. What is c(1)?
63
Let t(n) = -16*n**2 - 1550*n - 5775. Calculate t(-93).
-9
Let b(q) = -q**2 - 159*q - 5325. Give b(-60).
615
Let h(a) = 2295533*a + 13773207. Calculate h(-6).
9
Let b(i) = -5*i**2 - 6282*i + 44222. Give b(7).
3
Let l(i) = 19920*i + 59981. Give l(-3).
221
Let m(f) = -f**3 - 6*f**2 - 2645*f - 31. Calculate m(0).
-31
Let r(f) = -9*f**2 + 63*f + 220. What is r(10)?
-50
Let l(p) = -p**3 + 528*p**2 - 3633*p - 7347. Calculate l(521).
-53
Let v(m) = -m**3 + 44*m**2 - 280*m - 1218. Give v(35).
7
Let k(g) = -216072*g - 3889288. What is k(-18)?
8
Let y(q) = 24794*q + 49564. Calculate y(-2).
-24
Let o(d) = d**3 + 154*d**2 - 497*d - 4087. Calculate o(-157).
-5
Let i(s) = -s**3 + 512*s**2 - 5*s + 2574. Give i(512).
14
Let k(a) = 64*a**2 - 560*a - 540. Determine k(-1).
84
Let f(g) = -g**3 - 422*g**2 + 965*g + 49602. Determine f(-424).
-6
Let x(i) = 1835*i**2 - 22022*i. Calculate x(12).
-24
Let a(r) = -r**3 - 163*r**2 + 484*r - 2381. Give a(-166).
-57
Let j(w) = -16*w**3 - 11*w**2 - 382*w - 1921. Determine j(-5).
1714
Let f(z) = -206086*z + 25142494. What is f(122)?
2
Let a(y) = -135*y + 94310. Calculate a(699).
-55
Let s(t) = 1164*t - 52325. What is s(45)?
55
Let y(c) = -c**3 + 73*c**2 - 313*c - 138. What is y(5)?
-3
Let k(z) = 4235*z + 2299622. What is k(-543)?
17
Let n(y) = -1221*y - 14647. Determine n(-12).
5
Let m(a) = 124147*a - 372457. What is m(3)?
-16
Let x(m) = 5*m**2 - 253*m - 9635. Determine x(-25).
-185
Let o(f) = 6*f**3 - 47*f**2 + 135*f - 165. Give o(5).
85
Let h(q) = -4*q**3 - 225*q**2 - 687*q + 71. What is h(-53)?
-35
Let w(r) = r**2 + 1935*r - 19415. Calculate w(10).
35
Let z(v) = -222*v**2 + 1884*v + 182. Determine z(9).
-844
Let v(d) = 2*d**3 + 290*d**2 + 293*d - 167. Give v(-144).
-887
Let w(t) = -54*t - 1683. Give w(-37).
315
Let g(o) = 510*o + 9. Give g(0).
9
Let v(l) = -2*l**2 - 65*l + 1135. Calculate v(-47).
-228
Let t(v) = -5*v**2 - 107185*v - 214371. Determine t(-2).
-21
Let h(d) = -6994*d - 160860. Give h(-23).
2
Let n(t) = 10593*t**2 - 42410*t - 2. What is n(4)?
-154
Let h(o) = -o**3 - 8*o**2 + 39*o + 595. Calculate h(-16).
2019
Let b(t